39817980?
2, 3, 5, 2731
List the prime factors of 50986484.
2, 61, 208961
What are the prime factors of 44780174?
2, 59, 199, 1907
What are the prime factors of 12050821?
67, 131, 1373
List the prime factors of 51293068.
2, 12823267
List the prime factors of 79982985.
3, 5, 197, 27067
What are the prime factors of 425730753?
3, 7, 541, 12491
What are the prime factors of 287896705?
5, 83, 693727
What are the prime factors of 171322771?
31, 523, 10567
List the prime factors of 127325926.
2, 7, 13, 463, 1511
List the prime factors of 56436041.
61, 925181
List the prime factors of 728260343.
83, 8774221
What are the prime factors of 444924646?
2, 17, 13086019
What are the prime factors of 2362369882?
2, 23, 51355867
List the prime factors of 17741376.
2, 3, 10267
What are the prime factors of 216197101?
216197101
List the prime factors of 78876608.
2, 359, 3433
What are the prime factors of 388075900?
2, 5, 61, 113, 563
What are the prime factors of 136903223?
31, 41, 107713
What are the prime factors of 9098687?
13, 347, 2017
List the prime factors of 346576170.
2, 3, 5, 11552539
What are the prime factors of 274870748?
2, 68717687
What are the prime factors of 2762528?
2, 131, 659
List the prime factors of 32863336.
2, 11, 373447
What are the prime factors of 71980312?
2, 17, 47, 11261
List the prime factors of 62334265.
5, 7, 89, 20011
List the prime factors of 1236425914.
2, 89, 6946213
List the prime factors of 1718741427.
3, 13, 37, 1191089
What are the prime factors of 518423658?
2, 3, 787, 109789
What are the prime factors of 954569001?
3, 318189667
List the prime factors of 1733093657.
31, 41, 73, 18679
What are the prime factors of 87374385?
3, 5, 7, 103, 2693
What are the prime factors of 977110355?
5, 13, 15032467
List the prime factors of 280939367.
127, 439, 5039
List the prime factors of 275314896.
2, 3, 43, 14821
List the prime factors of 78023896.
2, 9752987
List the prime factors of 802302765.
3, 5, 11, 4862441
List the prime factors of 351416317.
7, 50202331
What are the prime factors of 37935485?
5, 7, 1083871
What are the prime factors of 4281588?
2, 3, 23, 5171
List the prime factors of 129824843.
129824843
What are the prime factors of 3560545?
5, 712109
List the prime factors of 796705576.
2, 67, 349, 4259
What are the prime factors of 117455652?
2, 3, 17, 31, 41, 151
List the prime factors of 57964273.
57964273
What are the prime factors of 144330763?
144330763
List the prime factors of 1611712.
2, 25183
What are the prime factors of 4376501220?
2, 3, 5, 7, 13, 801557
What are the prime factors of 439579963?
4651, 94513
What are the prime factors of 315595528?
2, 39449441
List the prime factors of 285124290.
2, 3, 5, 11, 864013
List the prime factors of 194656400.
2, 5, 486641
What are the prime factors of 205717411?
359, 401, 1429
What are the prime factors of 409593682?
2, 17, 953, 12641
What are the prime factors of 18621839?
18621839
List the prime factors of 360846994.
2, 2203, 81899
What are the prime factors of 91667710?
2, 5, 59, 251, 619
List the prime factors of 69629717.
23, 3027379
What are the prime factors of 19924800?
2, 3, 5, 7, 593
What are the prime factors of 79953527?
79953527
What are the prime factors of 5929341041?
13, 491, 928927
List the prime factors of 1054611273.
3, 351537091
What are the prime factors of 448170195?
3, 5, 11, 19, 59, 2423
List the prime factors of 2137270764.
2, 3, 131, 937, 1451
List the prime factors of 1220974407.
3, 4937, 27479
List the prime factors of 3299600812.
2, 9833, 83891
What are the prime factors of 1205459?
1205459
What are the prime factors of 139639967?
8273, 16879
What are the prime factors of 761344616?
2, 7219, 13183
List the prime factors of 332770412.
2, 13, 223, 28697
What are the prime factors of 21853361?
277, 78893
What are the prime factors of 488881992?
2, 3, 349, 58367
What are the prime factors of 461108657?
739, 623963
List the prime factors of 8419614.
2, 3, 7, 200467
List the prime factors of 82770555.
3, 5, 7, 19, 5927
List the prime factors of 7790849116.
2, 83, 257, 91309
List the prime factors of 99991131.
3, 37, 900821
What are the prime factors of 89460598?
2, 37, 1208927
List the prime factors of 37036292.
2, 9259073
List the prime factors of 173206698.
2, 3, 7, 19, 23, 9437
What are the prime factors of 35182603?
199, 176797
What are the prime factors of 168823629?
3, 13, 480979
What are the prime factors of 110966171?
110966171
What are the prime factors of 1163435487?
3, 31, 12510059
List the prime factors of 153451233.
3, 13, 41, 10663
What are the prime factors of 53464440?
2, 3, 5, 445537
What are the prime factors of 23520696?
2, 3, 283, 3463
List the prime factors of 1241777074.
2, 661, 939317
What are the prime factors of 1182741984?
2, 3, 4106743
What are the prime factors of 773360731?
11, 13, 59, 641
List the prime factors of 2627164149.
3, 16339, 53597
What are the prime factors of 147927476?
2, 3079, 12011
What are the prime factors of 1938511467?
3, 29, 179, 13831
List the prime factors of 127584331.
7, 2141, 8513
What are the prime factors of 1472?
2, 23
What are the prime factors of 1075762976?
2, 19, 977, 1811
List the prime factors of 154229340.
2, 3, 5, 31, 283, 293
What are the prime factors of 1800238886?
2, 79, 2293, 4969
List the prime factors of 27201830.
2, 5, 2720183
What are the prime factors of 875582936?
2, 83, 1031, 1279
What are the prime factors of 137733582?
2, 3, 7, 271, 12101
What are the prime factors of 2413376288?
2, 29, 31, 83891
List the prime factors of 66489992.
2, 17, 488897
What are the prime factors of 27037649?
67, 403547
What are the prime factors of 1378447356?
2, 3, 11, 13, 503, 1597
List the prime factors of 562376485.
5, 11, 107, 95561
List the prime factors of 103884220.
2, 5, 11, 61, 7741
List the prime factors of 4916000801.
29, 31, 5468299
List the prime factors of 67294203.
3, 2381, 9421
What are the prime factors of 2347986123?
3, 7, 19, 67, 3253
List the prime factors of 123661504.
2, 1289, 1499
What are the prime factors of 761684037?
3, 1823, 139273
What are the prime factors of 1085794491?
3, 349, 1037053
List the prime factors of 2235793860.
2, 3, 5, 29, 142771
What are the prime factors of 40775416?
2, 11, 31, 14947
List the prime factors of 28980827.
1039, 27893
What are the prime factors of 1507816157?
131, 11510047
List the prime factors of 76831876.
2, 11, 1746179
What are the prime factors of 12061307?
12061307
What are the prime factors of 36663535?
5, 7332707
List the prime factors of 2730060361.
7, 390008623
List the prime factors of 5205914755.
5, 43, 24213557
List the prime factors of 809114.
2, 404557
List the prime factors of 181999503.
3, 7, 179, 16139
What are the prime factors of 5687800344?
2, 3, 71, 370879
What are the prime factors of 15194617?
17, 157, 5693
List the prime factors of 85410319.
37, 2308387
List the prime factors of 1662134027.
1667, 997081
List the prime factors of 419953036.
2, 61, 1297, 1327
What are the prime factors of 845569216?
2, 2557, 5167
List the prime factors of 144003190.
2, 5, 1097, 13127
List the prime factors of 1226838956.
2, 7, 43815677
What are the prime factors of 172509646?
2, 47, 39047
List the prime factors of 233549787.
3, 77849929
What are the prime factors of 274188651?
3, 11, 8308747
What are the prime factors of 38182359?
3, 31, 79, 5197
What are the prime factors of 65630016?
2, 3, 29, 3929
What are the prime factors of 963882141?
3, 19, 16910213
What are the prime factors of 3774364475?
5, 7, 409, 52733
List the prime factors of 87686851.
7, 2887, 4339
List the prime factors of 2637322072.
2, 7, 11, 67, 63901
What are the prime factors of 1009053240?
2, 3, 5, 13, 23, 28123
What are the prime factors of 62617980?
2, 3, 5, 101, 10333
List the prime factors of 3007355726.
2, 17, 79, 659, 1699
What are the prime factors of 66640506?
2, 3, 293, 37907
List the prime factors of 5273375441.
647, 8150503
List the prime factors of 84282126.
2, 3, 137, 102533
What are the prime factors of 19769201?
127, 155663
What are the prime factors of 34907537?
7, 23, 157, 1381
What are the prime factors of 734699186?
2, 13, 4787, 5903
What are the prime factors of 7090294?
2, 41, 86467
What are the prime factors of 48166070?
2, 5,